{"id":161,"date":"2020-04-25T09:56:02","date_gmt":"2020-04-25T09:56:02","guid":{"rendered":"http:\/\/vshe.epulet-automatika.hu\/?page_id=161"},"modified":"2020-04-25T10:10:20","modified_gmt":"2020-04-25T10:10:20","slug":"bemutatkozas","status":"publish","type":"page","link":"https:\/\/www.vshe.hu\/index.php\/bemutatkozas\/","title":{"rendered":"Bemutatkoz\u00e1s"},"content":{"rendered":"\n<h3 class=\"wp-block-heading\"><strong>A B\u00e9k\u00e9scsabai V\u00edzm\u0171 Sporthorg\u00e1sz Egyes\u00fclet r\u00f6vid bemutat\u00e1sa<\/strong><\/h3>\n\n\n\n<p class=\"has-text-align-left\">A B\u00e9k\u00e9scsabai V\u00edzm\u0171 Sporthorg\u00e1sz Egyes\u00fcletet, a B\u00e9k\u00e9s Megyei V\u00edzm\u0171vek V\u00e1llalat (jelenleg\u00a0ALF\u00d6LDV\u00cdZ Region\u00e1lis V\u00edzik\u00f6zm\u0171-szolg\u00e1ltat\u00f3\u00a0Zrt.) munkav\u00e1llal\u00f3i alap\u00edtott\u00e1k 1990-ben, melynek sz\u00e9khelye a V\u00edzm\u0171vek Dobozi \u00fat 5. sz\u00e1m alatti k\u00f6zpontja lett. A kis k\u00f6z\u00f6ss\u00e9g Non-profit szervezetk\u00e9nt m\u0171k\u00f6dik, mely\u00a0az ALF\u00d6LDV\u00cdZ\u00a0Zrt. anyagi t\u00e1mogat\u00e1s\u00e1b\u00f3l valamint a tagok \u00e1ltal befizetett \u00e9ves tagd\u00edjjakb\u00f3l tartja fenn mag\u00e1t, tagl\u00e9tsz\u00e1ma 100 f\u0151 k\u00f6r\u00fcl mozog. Az egyes\u00fclet megalakul\u00e1s\u00e1nak alapvet\u0151 c\u00e9lja, hogy a v\u00edzm\u0171vek munkav\u00e1llal\u00f3inak \u00e9s azok csal\u00e1djainak pihen\u00e9si-, sz\u00f3rakoz\u00e1si-, horg\u00e1sz\u00e1si lehet\u0151s\u00e9get ny\u00fajtson.<\/p>\n\n\n\n<figure class=\"wp-block-image size-large\"><img loading=\"lazy\" decoding=\"async\" width=\"1024\" height=\"576\" src=\"http:\/\/vshe.epulet-automatika.hu\/wp-content\/uploads\/2020\/04\/20160327_112505-1024x576.jpg\" alt=\"\" class=\"wp-image-165\" srcset=\"https:\/\/www.vshe.hu\/wp-content\/uploads\/2020\/04\/20160327_112505-1024x576.jpg 1024w, https:\/\/www.vshe.hu\/wp-content\/uploads\/2020\/04\/20160327_112505-300x169.jpg 300w, https:\/\/www.vshe.hu\/wp-content\/uploads\/2020\/04\/20160327_112505-768x432.jpg 768w, https:\/\/www.vshe.hu\/wp-content\/uploads\/2020\/04\/20160327_112505-1536x864.jpg 1536w, https:\/\/www.vshe.hu\/wp-content\/uploads\/2020\/04\/20160327_112505-2048x1152.jpg 2048w, https:\/\/www.vshe.hu\/wp-content\/uploads\/2020\/04\/20160327_112505-1200x675.jpg 1200w\" sizes=\"auto, (max-width: 709px) 85vw, (max-width: 909px) 67vw, (max-width: 1362px) 62vw, 840px\" \/><\/figure>\n\n\n\n<p>Ezt a c\u00e9lt szem el\u0151tt tartva, a v\u00edzm\u0171vek \u00e9s az egyes\u00fclet k\u00f6z\u00f6s f\u00f6ldtulajdont v\u00e1s\u00e1rolt a B\u00e9k\u00e9s megyei Cs\u00e1rdasz\u00e1ll\u00e1son, mely egy a F\u00e9lhalmi 3. holt\u00e1g ment\u00e9n tal\u00e1lhat\u00f3 k\u00f6zvetlen v\u00edzparttal rendelkez\u0151 horg\u00e1sztelek. A telekv\u00e1s\u00e1rl\u00e1st tov\u00e1bbi beruh\u00e1z\u00e1sok, fejleszt\u00e9sek k\u00f6vett\u00e9k a lelkes alap\u00edt\u00f3- \u00e9s rendes tagoknak, valamint a v\u00e1llalat t\u00e1mogat\u00e1s\u00e1nak k\u00f6sz\u00f6nhet\u0151en. A beruh\u00e1z\u00e1sok hat\u00e1s\u00e1ra a telekre fah\u00e1zak, szoci\u00e1lis helys\u00e9gek (konyha, zuhanyz\u00f3, toalett), j\u00e1rd\u00e1k, parkol\u00f3 \u00e9p\u00fcltek, tov\u00e1bb\u00e1 3db st\u00e9g l\u00e9tes\u00fclt melynek mindegyik\u00e9hez 1-1 cs\u00f3nak k\u00e9sz\u00fclt. A fah\u00e1zak \u00f6sszesen 12 szem\u00e9ly befogad\u00e1s\u00e1ra alkalmasak. A horg\u00e1sztany\u00e1n tavaszt\u00f3l \u0151szig zajlik a horg\u00e1sz\u00e9let, a tagok \u00e9s csal\u00e1dtagjaik b\u00e1rmikor ig\u00e9nybe vehetik azt horg\u00e1szat- \u00e9s pihen\u00e9s c\u00e9lj\u00e1b\u00f3l. (A l\u00e9tes\u00edtm\u00e9nyr\u0151l k\u00e9pek a gal\u00e9ria f\u00fcl alatt tal\u00e1lhat\u00f3k.) A horg\u00e1sztanya ig\u00e9nyes, sz\u00e9p k\u00f6rnyezetben tal\u00e1lhat\u00f3, kiv\u00e1l\u00f3 fekv\u00e9s\u00e9nek k\u00f6sz\u00f6nhet\u0151en, a telek mintegy f\u00e9lszigetform\u00e1t \u00f6ltve ter\u00fcl el \u00e9s ny\u00falik a F\u00e9lhalmi-holt\u00e1gba, ez\u00e1ltal a meghorg\u00e1szhat\u00f3 v\u00edzfel\u00fclet nagys\u00e1ga is kedvez\u0151en alakul. Az \u00e1ll\u00f3v\u00edz a K\u00f6r\u00f6s-Vid\u00e9ki Horg\u00e1szegyes\u00fcletek Sz\u00f6vets\u00e9g\u00e9nek (KHESZ) kezel\u00e9s\u00e9ben van, a K\u00f6r\u00f6s-foly\u00f3 kanyarg\u00f3s \u00e1gainak \u00e1tv\u00e1g\u00e1sakor alakult ki, melybe minden \u00e9vben legal\u00e1bb k\u00e9t alkalommal t\u00f6rt\u00e9nik haltelep\u00edt\u00e9s, \u00e1prilisban \u00e9s okt\u00f3berben.<\/p>\n\n\n\n<figure class=\"wp-block-image size-large\"><img loading=\"lazy\" decoding=\"async\" width=\"1024\" height=\"768\" src=\"http:\/\/vshe.epulet-automatika.hu\/wp-content\/uploads\/2020\/04\/DSC02599-1024x768.jpg\" alt=\"\" class=\"wp-image-166\" srcset=\"https:\/\/www.vshe.hu\/wp-content\/uploads\/2020\/04\/DSC02599-1024x768.jpg 1024w, https:\/\/www.vshe.hu\/wp-content\/uploads\/2020\/04\/DSC02599-300x225.jpg 300w, https:\/\/www.vshe.hu\/wp-content\/uploads\/2020\/04\/DSC02599-768x576.jpg 768w, https:\/\/www.vshe.hu\/wp-content\/uploads\/2020\/04\/DSC02599-1536x1152.jpg 1536w, https:\/\/www.vshe.hu\/wp-content\/uploads\/2020\/04\/DSC02599-1200x900.jpg 1200w, https:\/\/www.vshe.hu\/wp-content\/uploads\/2020\/04\/DSC02599.jpg 2048w\" sizes=\"auto, (max-width: 709px) 85vw, (max-width: 909px) 67vw, (max-width: 1362px) 62vw, 840px\" \/><\/figure>\n\n\n\n<p>A holt\u00e1gban sz\u00e9p sz\u00e1mban \u00e9lnek pontyok, amurok (amurb\u00f3l nem ritka a 10 kg felettip\u00e9ld\u00e1ny), jelent\u0151s a keszeg\u00e1llom\u00e1ny (d\u00e9v\u00e9r-, j\u00e1sz-, karika keszeg) de a ragadoz\u00f3 halak (csuka, s\u00fcll\u0151, balin, harcsa, s\u00fcg\u00e9r) \u00e1llom\u00e1nya is igen kedvez\u0151. Fontos megjegyezni, hogy a holt\u00e1g nem fert\u0151z\u00f6tt a t\u00f6rpeharcs\u00e1t\u00f3l, elv\u00e9tve akad horogra 1-2 szebb p\u00e9ld\u00e1ny. (A F\u00e9lhalmi-holt\u00e1gr\u00f3l t\u00f6bb inform\u00e1ci\u00f3 a\u00a0<a href=\"http:\/\/www.khesz.hu\/\">www.khesz.hu<\/a>\u00a0weboldalon tal\u00e1lhat\u00f3.) V\u00e9gezet\u00fcl, de nem utols\u00f3 sorban k\u00f6sz\u00f6netet mond az egyes\u00fclet mindazoknak, akik seg\u00edtett\u00e9k, ill. a mai napig seg\u00edtik az egyes\u00fclet m\u0171k\u00f6d\u00e9s\u00e9t ak\u00e1r kez\u00fck munk\u00e1j\u00e1val, ak\u00e1r anyagi t\u00e1mogat\u00e1sukkal, vagy a term\u00e9szettel val\u00f3 t\u00f6r\u0151d\u00e9s\u00fckkel. Tov\u00e1bb\u00e1 b\u00edzunk abban, hogy ez a kis k\u00f6z\u00f6ss\u00e9g a j\u00f6v\u0151 gener\u00e1ci\u00f3j\u00e1nak is p\u00e9ld\u00e1t tud mutatni a term\u00e9szet rendj\u00e9nek meg\u0151rz\u00e9s\u00e9re, \u00e9s a term\u00e9szetbar\u00e1t horg\u00e1szat szeretet\u00e9re.<\/p>\n\n\n\n<p><em>Az egyes\u00fclet els\u0151k\u00e9nt fel\u00e1ll\u00edtott vezet\u0151s\u00e9g\u00e9nek alap\u00edt\u00f3 tagjai:<\/em><br><br>Eln\u00f6k: Ap\u00e1ti M\u00e1ty\u00e1s<br>Titk\u00e1r: Kincses Mih\u00e1ly<br>Gazdas\u00e1gi vezet\u0151: Mih\u00e1ly P\u00e1l Ferenc<br>Fegyelmi Bizotts\u00e1g eln\u00f6ke: P\u00f3s Andr\u00e1s<\/p>\n\n\n\n<p><em>Tov\u00e1bbi vezet\u0151s\u00e9gi tagok a poszt bet\u00f6lt\u00e9s\u00e9nek id\u0151rendi sorrendj\u00e9ben:<\/em><br><br>Eln\u00f6k: Moln\u00e1r B\u00e9la, Garass Gy\u00f6rgy, Nagy L\u00e1szl\u00f3, 2012-t\u0151l Kis Albert Zolt\u00e1n<br>Titk\u00e1r: Mazula Istv\u00e1n, 2012-t\u0151l Grim Ferenc<br>Gazdas\u00e1gi vezet\u0151: Kov\u00e1cs J\u00e1nosn\u00e9, Kov\u00e1cs Katalin, Szab\u00f3 Be\u00e1ta, 2009-t\u0151l Ifj. Grim Ferenc<br>Gondnok: Kun S\u00e1ndor, K\u00f6r\u00f6zsi Istv\u00e1n, Varga J\u00e1nos, M\u00e9sz\u00e1ros Csaba<br>Fegyelmi Bizotts\u00e1g eln\u00f6ke: 2012-t\u0151l Varga J\u00e1nos<br>Fel\u00fcgyel\u0151 Bizotts\u00e1g eln\u00f6ke: D\u00e9r J\u00f3zsefn\u00e9<\/p>\n","protected":false},"excerpt":{"rendered":"<p>A B\u00e9k\u00e9scsabai V\u00edzm\u0171 Sporthorg\u00e1sz Egyes\u00fclet r\u00f6vid bemutat\u00e1sa A B\u00e9k\u00e9scsabai V\u00edzm\u0171 Sporthorg\u00e1sz Egyes\u00fcletet, a B\u00e9k\u00e9s Megyei V\u00edzm\u0171vek V\u00e1llalat (jelenleg\u00a0ALF\u00d6LDV\u00cdZ Region\u00e1lis V\u00edzik\u00f6zm\u0171-szolg\u00e1ltat\u00f3\u00a0Zrt.) munkav\u00e1llal\u00f3i alap\u00edtott\u00e1k 1990-ben, melynek sz\u00e9khelye a V\u00edzm\u0171vek Dobozi \u00fat 5. sz\u00e1m alatti k\u00f6zpontja lett. A kis k\u00f6z\u00f6ss\u00e9g Non-profit szervezetk\u00e9nt m\u0171k\u00f6dik, mely\u00a0az ALF\u00d6LDV\u00cdZ\u00a0Zrt. anyagi t\u00e1mogat\u00e1s\u00e1b\u00f3l valamint a tagok \u00e1ltal befizetett \u00e9ves tagd\u00edjjakb\u00f3l tartja fenn mag\u00e1t, tagl\u00e9tsz\u00e1ma &hellip; <a href=\"https:\/\/www.vshe.hu\/index.php\/bemutatkozas\/\" class=\"more-link\"><span class=\"screen-reader-text\">&#8222;Bemutatkoz\u00e1s&#8221;<\/span> b\u0151vebben<\/a><\/p>\n","protected":false},"author":1,"featured_media":0,"parent":0,"menu_order":0,"comment_status":"closed","ping_status":"closed","template":"","meta":{"footnotes":""},"class_list":["post-161","page","type-page","status-publish","hentry"],"_links":{"self":[{"href":"https:\/\/www.vshe.hu\/index.php\/wp-json\/wp\/v2\/pages\/161","targetHints":{"allow":["GET"]}}],"collection":[{"href":"https:\/\/www.vshe.hu\/index.php\/wp-json\/wp\/v2\/pages"}],"about":[{"href":"https:\/\/www.vshe.hu\/index.php\/wp-json\/wp\/v2\/types\/page"}],"author":[{"embeddable":true,"href":"https:\/\/www.vshe.hu\/index.php\/wp-json\/wp\/v2\/users\/1"}],"replies":[{"embeddable":true,"href":"https:\/\/www.vshe.hu\/index.php\/wp-json\/wp\/v2\/comments?post=161"}],"version-history":[{"count":3,"href":"https:\/\/www.vshe.hu\/index.php\/wp-json\/wp\/v2\/pages\/161\/revisions"}],"predecessor-version":[{"id":167,"href":"https:\/\/www.vshe.hu\/index.php\/wp-json\/wp\/v2\/pages\/161\/revisions\/167"}],"wp:attachment":[{"href":"https:\/\/www.vshe.hu\/index.php\/wp-json\/wp\/v2\/media?parent=161"}],"curies":[{"name":"wp","href":"https:\/\/api.w.org\/{rel}","templated":true}]}}