{"id":179,"date":"2020-04-25T11:19:07","date_gmt":"2020-04-25T11:19:07","guid":{"rendered":"http:\/\/vshe.epulet-automatika.hu\/?page_id=179"},"modified":"2026-02-25T09:58:24","modified_gmt":"2026-02-25T09:58:24","slug":"alapdokumentumok","status":"publish","type":"page","link":"https:\/\/www.vshe.hu\/index.php\/alapdokumentumok\/","title":{"rendered":"Alapdokumentumok"},"content":{"rendered":"<p><a href=\"http:\/\/www.vshe.hu\/wp-content\/uploads\/2020\/04\/ALAPSZAB\u00c1LY_m\u00f3dos\u00edtott_2013_j\u00falius_al\u00e1\u00edrt.pdf\">ALAPSZAB\u00c1LY (2013 j\u00falius\u00e1ban m\u00f3dos\u00edtott, al\u00e1\u00edrt v\u00e1ltozat)<\/a><\/p>\n<p><a href=\"https:\/\/www.vshe.hu\/wp-content\/uploads\/2026\/02\/2026-evi-Kozgyules_jegyzokonyv.pdf\">2026. \u00e9vi k\u00f6zgy\u0171l\u00e9s jegyz\u0151k\u00f6nyve<\/a><\/p>\n<p><a href=\"http:\/\/www.vshe.hu\/wp-content\/uploads\/2020\/04\/K\u00f6zgy\u0171l\u00e9s_jkv_2018.pdf\">2018. \u00e9vi k\u00f6zgy\u0171l\u00e9s jegyz\u0151k\u00f6nyve<\/a><\/p>\n<p><a href=\"http:\/\/www.vshe.hu\/wp-content\/uploads\/2020\/04\/K\u00f6zgy\u0171l\u00e9s_jkv_2017.pdf\">2017. \u00e9vi k\u00f6zgy\u0171l\u00e9s jegyz\u0151k\u00f6nyve<\/a><\/p>\n<p><a href=\"http:\/\/www.vshe.hu\/wp-content\/uploads\/2020\/04\/K\u00f6zgy\u0171l\u00e9s_jkv_2016.pdf\">2016. \u00e9vi k\u00f6zgy\u0171l\u00e9s jegyz\u0151k\u00f6nyve<\/a><\/p>\n<p><a href=\"http:\/\/www.vshe.hu\/wp-content\/uploads\/2020\/04\/Jegyz\u0151k\u00f6nyv_VSHE_2015_03_05.pdf\">2015. \u00e9vi k\u00f6zgy\u0171l\u00e9s jegyz\u0151k\u00f6nyve<\/a><\/p>\n<p><a href=\"http:\/\/www.vshe.hu\/wp-content\/uploads\/2020\/04\/Jegyz\u0151k\u00f6nyv_VSHE_2014_02_27.pdf\">2014. \u00e9vi k\u00f6zgy\u0171l\u00e9s jegyz\u0151k\u00f6nyve<\/a><\/p>\n<p><a href=\"http:\/\/www.vshe.hu\/wp-content\/uploads\/2020\/04\/Jegyz\u0151k\u00f6nyv_2013_07_30_rendk\u00edv\u00fcli_k\u00f6zgy\u0171l\u00e9s.pdf\">2013.07.30 -i rendk\u00edv\u00fcli k\u00f6zgy\u0171l\u00e9s jegyz\u0151k\u00f6nyve<\/a><\/p>\n<p><a href=\"http:\/\/www.vshe.hu\/wp-content\/uploads\/2020\/04\/Jegyz\u0151k\u00f6nyv_2013_febru\u00e1r_14_k\u00f6zgy\u0171l\u00e9s.pdf\">2013. \u00e9vi k\u00f6zgy\u0171l\u00e9s jegyz\u0151k\u00f6nyve<\/a><\/p>\n\n\n<p><\/p>\n","protected":false},"excerpt":{"rendered":"<p>ALAPSZAB\u00c1LY (2013 j\u00falius\u00e1ban m\u00f3dos\u00edtott, al\u00e1\u00edrt v\u00e1ltozat) 2026. \u00e9vi k\u00f6zgy\u0171l\u00e9s jegyz\u0151k\u00f6nyve 2018. \u00e9vi k\u00f6zgy\u0171l\u00e9s jegyz\u0151k\u00f6nyve 2017. \u00e9vi k\u00f6zgy\u0171l\u00e9s jegyz\u0151k\u00f6nyve 2016. \u00e9vi k\u00f6zgy\u0171l\u00e9s jegyz\u0151k\u00f6nyve 2015. \u00e9vi k\u00f6zgy\u0171l\u00e9s jegyz\u0151k\u00f6nyve 2014. \u00e9vi k\u00f6zgy\u0171l\u00e9s jegyz\u0151k\u00f6nyve 2013.07.30 -i rendk\u00edv\u00fcli k\u00f6zgy\u0171l\u00e9s jegyz\u0151k\u00f6nyve 2013. \u00e9vi k\u00f6zgy\u0171l\u00e9s jegyz\u0151k\u00f6nyve<\/p>\n","protected":false},"author":1,"featured_media":0,"parent":0,"menu_order":0,"comment_status":"closed","ping_status":"closed","template":"","meta":{"footnotes":""},"class_list":["post-179","page","type-page","status-publish","hentry"],"_links":{"self":[{"href":"https:\/\/www.vshe.hu\/index.php\/wp-json\/wp\/v2\/pages\/179","targetHints":{"allow":["GET"]}}],"collection":[{"href":"https:\/\/www.vshe.hu\/index.php\/wp-json\/wp\/v2\/pages"}],"about":[{"href":"https:\/\/www.vshe.hu\/index.php\/wp-json\/wp\/v2\/types\/page"}],"author":[{"embeddable":true,"href":"https:\/\/www.vshe.hu\/index.php\/wp-json\/wp\/v2\/users\/1"}],"replies":[{"embeddable":true,"href":"https:\/\/www.vshe.hu\/index.php\/wp-json\/wp\/v2\/comments?post=179"}],"version-history":[{"count":3,"href":"https:\/\/www.vshe.hu\/index.php\/wp-json\/wp\/v2\/pages\/179\/revisions"}],"predecessor-version":[{"id":358,"href":"https:\/\/www.vshe.hu\/index.php\/wp-json\/wp\/v2\/pages\/179\/revisions\/358"}],"wp:attachment":[{"href":"https:\/\/www.vshe.hu\/index.php\/wp-json\/wp\/v2\/media?parent=179"}],"curies":[{"name":"wp","href":"https:\/\/api.w.org\/{rel}","templated":true}]}}