{"id":219,"date":"2020-04-25T12:04:37","date_gmt":"2020-04-25T12:04:37","guid":{"rendered":"http:\/\/vshe.epulet-automatika.hu\/?page_id=219"},"modified":"2021-01-13T18:00:01","modified_gmt":"2021-01-13T18:00:01","slug":"horgasz-okmanyok","status":"publish","type":"page","link":"https:\/\/www.vshe.hu\/index.php\/horgasz-okmanyok\/","title":{"rendered":"Horg\u00e1sz okm\u00e1nyok"},"content":{"rendered":"<p><a href=\"http:\/\/www.vshe.hu\/wp-content\/uploads\/2020\/04\/khesz-terulet-jegyek_tablazat_2020.pdf\">Ter\u00fcleti jegyek \u00e9s horg\u00e1szathoz sz\u00fcks\u00e9ges okm\u00e1nyok \u00e1ra 2020. janu\u00e1r 1. -t\u0151l<\/a><br \/><a href=\"http:\/\/www.vshe.hu\/wp-content\/uploads\/2021\/01\/KHESZ-HORINFO-Teruleti-jegyek-2021..pdf\">HORINFO rendszerben el\u00e9rhet\u0151 ter\u00fcleti jegy\u00e1rak 2021<\/a><\/p>\n<p><a href=\"http:\/\/kovizig.hu\/07-kozerdeku\/13-toltesen-valo-kozlekedes\/toltesen-valo-kozlekedes.php\">G\u00e1thaszn\u00e1lat &#8211; K\u00f6vizig seg\u00e9dlet<\/a><\/p>\n\n\n<p><\/p>\n","protected":false},"excerpt":{"rendered":"<p>Ter\u00fcleti jegyek \u00e9s horg\u00e1szathoz sz\u00fcks\u00e9ges okm\u00e1nyok \u00e1ra 2020. janu\u00e1r 1. -t\u0151lHORINFO rendszerben el\u00e9rhet\u0151 ter\u00fcleti jegy\u00e1rak 2021 G\u00e1thaszn\u00e1lat &#8211; K\u00f6vizig seg\u00e9dlet<\/p>\n","protected":false},"author":1,"featured_media":0,"parent":0,"menu_order":0,"comment_status":"closed","ping_status":"closed","template":"","meta":{"footnotes":""},"class_list":["post-219","page","type-page","status-publish","hentry"],"_links":{"self":[{"href":"https:\/\/www.vshe.hu\/index.php\/wp-json\/wp\/v2\/pages\/219","targetHints":{"allow":["GET"]}}],"collection":[{"href":"https:\/\/www.vshe.hu\/index.php\/wp-json\/wp\/v2\/pages"}],"about":[{"href":"https:\/\/www.vshe.hu\/index.php\/wp-json\/wp\/v2\/types\/page"}],"author":[{"embeddable":true,"href":"https:\/\/www.vshe.hu\/index.php\/wp-json\/wp\/v2\/users\/1"}],"replies":[{"embeddable":true,"href":"https:\/\/www.vshe.hu\/index.php\/wp-json\/wp\/v2\/comments?post=219"}],"version-history":[{"count":4,"href":"https:\/\/www.vshe.hu\/index.php\/wp-json\/wp\/v2\/pages\/219\/revisions"}],"predecessor-version":[{"id":262,"href":"https:\/\/www.vshe.hu\/index.php\/wp-json\/wp\/v2\/pages\/219\/revisions\/262"}],"wp:attachment":[{"href":"https:\/\/www.vshe.hu\/index.php\/wp-json\/wp\/v2\/media?parent=219"}],"curies":[{"name":"wp","href":"https:\/\/api.w.org\/{rel}","templated":true}]}}