{"id":32,"date":"2020-02-20T15:52:09","date_gmt":"2020-02-20T15:52:09","guid":{"rendered":"http:\/\/vshe.epulet-automatika.hu\/?page_id=32"},"modified":"2020-03-15T15:40:44","modified_gmt":"2020-03-15T15:40:44","slug":"elerhetoseg","status":"publish","type":"page","link":"https:\/\/www.vshe.hu\/index.php\/elerhetoseg\/","title":{"rendered":"Kapcsolat"},"content":{"rendered":"\n<div class=\"wp-block-media-text alignwide\"><figure class=\"wp-block-media-text__media\"><img loading=\"lazy\" decoding=\"async\" width=\"244\" height=\"300\" src=\"http:\/\/vshe.epulet-automatika.hu\/wp-content\/uploads\/2020\/03\/Kis_Albert_Zolt\u00e1n_Harcsa_31kg_Tisza_2011-244x300-1.jpg\" alt=\"\" class=\"wp-image-123\"\/><\/figure><div class=\"wp-block-media-text__content\">\n<p class=\"has-normal-font-size\"><strong>Eln\u00f6k:<\/strong><br>Kis Albert Zolt\u00e1n <\/p>\n\n\n\n<p><strong>Telefon:<\/strong> <br>06-66-523-200<\/p>\n\n\n\n<p><strong>Email<\/strong>: <br>kis.albert@alfoldviz.hu<\/p>\n\n\n\n<p><\/p>\n<\/div><\/div>\n\n\n\n<p><\/p>\n\n\n\n<div class=\"wp-block-media-text alignwide\"><figure class=\"wp-block-media-text__media\"><img loading=\"lazy\" decoding=\"async\" width=\"209\" height=\"300\" src=\"http:\/\/vshe.epulet-automatika.hu\/wp-content\/uploads\/2020\/03\/01-209x300-1.jpg\" alt=\"\" class=\"wp-image-124\"\/><\/figure><div class=\"wp-block-media-text__content\">\n<p class=\"has-normal-font-size\"><strong>Titk\u00e1r:<\/strong><br>Grim Ferenc<\/p>\n\n\n\n<p><strong>Telefon:<\/strong> <br>06-30-286-56-17<\/p>\n\n\n\n<p><strong>E-mail<\/strong>: popeye45@freemail.com <\/p>\n<\/div><\/div>\n\n\n\n<p><\/p>\n\n\n\n<div class=\"wp-block-media-text alignwide\"><figure class=\"wp-block-media-text__media\"><img loading=\"lazy\" decoding=\"async\" width=\"634\" height=\"1024\" src=\"http:\/\/vshe.epulet-automatika.hu\/wp-content\/uploads\/2020\/03\/20160604_182731-634x1024-1.jpg\" alt=\"\" class=\"wp-image-125\" srcset=\"https:\/\/www.vshe.hu\/wp-content\/uploads\/2020\/03\/20160604_182731-634x1024-1.jpg 634w, https:\/\/www.vshe.hu\/wp-content\/uploads\/2020\/03\/20160604_182731-634x1024-1-186x300.jpg 186w\" sizes=\"auto, (max-width: 634px) 85vw, 634px\" \/><\/figure><div class=\"wp-block-media-text__content\">\n<p class=\"has-normal-font-size\"><strong>Gazdas\u00e1gi vezet\u0151:<\/strong><br>ifj. Grim Ferenc<\/p>\n\n\n\n<p><strong>Telefon:<\/strong><br> 06-30-820-40-39 <\/p>\n\n\n\n<p><strong>Email:<\/strong><br>grimferenc2@gmail.com <\/p>\n\n\n\n<p><\/p>\n<\/div><\/div>\n\n\n\n<p><\/p>\n\n\n\n<div class=\"wp-block-media-text alignwide\"><figure class=\"wp-block-media-text__media\"><img loading=\"lazy\" decoding=\"async\" width=\"530\" height=\"780\" src=\"http:\/\/vshe.epulet-automatika.hu\/wp-content\/uploads\/2020\/03\/mcs.jpg\" alt=\"\" class=\"wp-image-126\" srcset=\"https:\/\/www.vshe.hu\/wp-content\/uploads\/2020\/03\/mcs.jpg 530w, https:\/\/www.vshe.hu\/wp-content\/uploads\/2020\/03\/mcs-204x300.jpg 204w\" sizes=\"auto, (max-width: 530px) 85vw, 530px\" \/><\/figure><div class=\"wp-block-media-text__content\">\n<p class=\"has-normal-font-size\"><strong>Horg\u00e1sztanya gondnok<\/strong>:<br>M\u00e9sz\u00e1ros Csaba<\/p>\n\n\n\n<p><strong>Telefon:<\/strong><br> 06-30-515-09-71 <\/p>\n\n\n\n<p><\/p>\n<\/div><\/div>\n","protected":false},"excerpt":{"rendered":"<p>Eln\u00f6k:Kis Albert Zolt\u00e1n Telefon: 06-66-523-200 Email: kis.albert@alfoldviz.hu Titk\u00e1r:Grim Ferenc Telefon: 06-30-286-56-17 E-mail: popeye45@freemail.com Gazdas\u00e1gi vezet\u0151:ifj. Grim Ferenc Telefon: 06-30-820-40-39 Email:grimferenc2@gmail.com Horg\u00e1sztanya gondnok:M\u00e9sz\u00e1ros Csaba Telefon: 06-30-515-09-71<\/p>\n","protected":false},"author":1,"featured_media":0,"parent":0,"menu_order":0,"comment_status":"closed","ping_status":"closed","template":"","meta":{"footnotes":""},"class_list":["post-32","page","type-page","status-publish","hentry"],"_links":{"self":[{"href":"https:\/\/www.vshe.hu\/index.php\/wp-json\/wp\/v2\/pages\/32","targetHints":{"allow":["GET"]}}],"collection":[{"href":"https:\/\/www.vshe.hu\/index.php\/wp-json\/wp\/v2\/pages"}],"about":[{"href":"https:\/\/www.vshe.hu\/index.php\/wp-json\/wp\/v2\/types\/page"}],"author":[{"embeddable":true,"href":"https:\/\/www.vshe.hu\/index.php\/wp-json\/wp\/v2\/users\/1"}],"replies":[{"embeddable":true,"href":"https:\/\/www.vshe.hu\/index.php\/wp-json\/wp\/v2\/comments?post=32"}],"version-history":[{"count":2,"href":"https:\/\/www.vshe.hu\/index.php\/wp-json\/wp\/v2\/pages\/32\/revisions"}],"predecessor-version":[{"id":127,"href":"https:\/\/www.vshe.hu\/index.php\/wp-json\/wp\/v2\/pages\/32\/revisions\/127"}],"wp:attachment":[{"href":"https:\/\/www.vshe.hu\/index.php\/wp-json\/wp\/v2\/media?parent=32"}],"curies":[{"name":"wp","href":"https:\/\/api.w.org\/{rel}","templated":true}]}}